2 + 2 - 13 + 6 - 2*p**2. What is s(5)?
-55
Suppose 7*z - 9*z = -12. Let u(n) = 3 - 5*n**2 - 1 + z*n**2 - 4*n. What is u(6)?
14
Let k(b) be the first derivative of -b**4/4 - 7*b**3/3 - 10*b + 1000. Let y be (5 + -1)*14/(-8). Give k(y).
-10
Let a(b) = 18*b + 1855 - 1855. Determine a(-1).
-18
Let r be (7 + 4 + -7)*-2. Let q(x) = 4*x + 14. Determine q(r).
-18
Let d(y) be the third derivative of y**6/120 + y**5/30 - y**4/24 - y**3/6 - 20*y**2 + 10*y. Give d(1).
1
Let b(n) = -3*n**3 - 2*n**2 + n + 2. Let h be (1 + 10/(-8))*(8 - 4). Calculate b(h).
2
Let w(v) = -v**2 - 9*v - 5. Suppose 0 = 3*u + 4*n + 37, 3*n + 31 - 7 = -2*u. Let j = u - -8. What is w(j)?
9
Let f(z) = -2*z**3 - 9*z**2 - 3*z + 2. Let v be f(-4). Let c(u) be the second derivative of 2*u**3/3 + 3*u**2/2 + u. Give c(v).
-5
Let z(m) = 4 - 2*m - 3 - 1 + 4. Let g be z(-10). Suppose 0*p + 3*v + 1 = 4*p, -p - 4*v = -g. Let c(f) = -2*f**2 + 6*f. Determine c(p).
-8
Let b(d) be the second derivative of 4*d**3/3 + d**2/2 - d. Suppose 3*j - 5*w + 11 = -0*j, -2*w = -2. Determine b(j).
-15
Let r(a) = a**3 + a**2 - 2. Let n(j) = -3*j**3 + 10*j**2 - 6*j - 10. Let d(t) = n(t) + 2*r(t). Calculate d(11).
41
Let k(c) = -1 + 0*c - 1 + 4*c**2 + c**3 - 1 + 3*c. Let f be (3 + (-7)/2)/(1/6). Determine k(f).
-3
Suppose -3*q - 12 = -2*t, 5*t + 2*q - 2 = 9. Let j(f) = 9 + t + 4*f - 6*f - 6. Give j(4).
-2
Let a(g) = 9*g**3 - 6*g**2 - 7*g - 7. Let t(s) = -s**3 + s**2 + s + 1. Let z(l) = -a(l) - 6*t(l). Let w be ((-6)/(-12))/((-2)/4). Calculate z(w).
3
Let h be (-4)/(-6) - 34/6. Let g(v) = -6*v - 1. Give g(h).
29
Suppose -16 = -a + 5*h, -2*a - 6*h = -4*h - 20. Let b(r) = r + 3. Give b(a).
14
Let p = 32 + -30. Suppose -3*y + p*y = -5*y. Let l(z) = z - 5. Determine l(y).
-5
Let f(d) be the first derivative of d**4/4 - 7*d**3/3 + 3*d - 482. Determine f(7).
3
Let b(j) = -4*j**2 + 2*j + 22. Let n(d) = -3*d**2 + 5*d + 22. Let a(g) = 2*b(g) - 3*n(g). Calculate a(15).
38
Let i be -5 - 4/(4/(-3)) - -3. Let d(k) = -6*k**3 + 4*k + 2. Let q(b) be the third derivative of b**4/24 + b**3/6 + b**2. Let g(w) = d(w) - 3*q(w). Give g(i).
-6
Let k(a) = -8*a**3 + 12*a**2 + 4*a - 20. Let t(u) = 3*u**3 - 4*u**2 - u + 7. Let g(z) = 4*k(z) + 11*t(z). Calculate g(-4).
-23
Let g(y) = -y**3 - 2*y**2 + 8*y - 2. Let z be g(-4). Let n(l) be the first derivative of 2*l**3 + l**2 + 3*l + 4. What is n(z)?
23
Suppose -67*t = -61*t - 54. Let p(v) = -1 + 4*v + 6*v - v**2 + 5. What is p(t)?
13
Suppose 13 = 5*w - 2. Let r(q) = -233 - 2*q + 2*q + 231 - q. Calculate r(w).
-5
Let w(t) = t**3 + 15*t**2 + 29*t. Let p(c) = -2*c**3 - 30*c**2 - 65*c - 1. Let b(u) = 2*p(u) + 5*w(u). Determine b(-14).
-16
Let a(r) = -40*r + 156. Let i be a(4). Let z(k) = k**3 + 2*k**2 - 4*k + 3. Give z(i).
-13
Let w(y) = -39*y**2 - 21*y + 14. Let g(j) = 18*j**2 + 10*j - 6. Let h(p) = 9*g(p) + 4*w(p). Calculate h(-4).
74
Let z(i) = i**2 - 95 + 163 - 78. Give z(-7).
39
Let b(s) = -4*s - 7. Let j(z) = z - 4. Let k(h) = -5*h + 17. Let t(v) = -9*j(v) - 2*k(v). Let y(x) = -2*b(x) - 9*t(x). Determine y(4).
-8
Let i(m) = m**2 + 2*m - 3. Let z be i(-4). Suppose -z*h + 6 = 2*b, b - h + 2 = 5. Let k(u) = 3*u**2 - 6 + 3*u + 15*u - u**b - 11*u. Calculate k(4).
6
Suppose -19*r + 126 = -5*r. Let v(b) be the third derivative of -b**5/60 + 7*b**4/24 + 3*b**3/2 - 12*b**2. What is v(r)?
-9
Let i(o) = -14*o + 9. Let x(g) = 15*g - 9. Let r(d) = -4*i(d) - 3*x(d). Let b(z) = -5*z + 4. Let f(m) = 9*b(m) + 4*r(m). Let s = -608 - -610. Give f(s).
-2
Let l(g) be the first derivative of 7/2*g**2 - 7*g - 2*g**3 + 14 + 1/4*g**4. Determine l(5).
3
Let z(n) = -4 - 196*n**2 - 33*n**2 + 230*n**2 + n + 2. Let u(a) = -3*a. Let t be u(1). What is z(t)?
4
Let w = -24 + 12. Let b = -18 - w. Let o(q) = -q**3 + 7*q**2 - 2*q + 8. Let m(v) = -v**3 + v**2 + v. Let j(r) = 2*m(r) - o(r). Determine j(b).
4
Let o(q) be the second derivative of -q**4/12 - q**3/2 + 3*q**2/2 - 7*q - 1. Suppose 2*p + 3*p = -30. Determine o(p).
-15
Let z(n) = -n**3 - 11*n**2 - 7*n + 14. Let v = 2686 - 2696. Calculate z(v).
-16
Let w(u) = 1. Let c(z) = -5*z + 4. Let o(h) = -c(h) + 5*w(h). Let d be o(1). Let s(y) = 2 + y - 4 - d. Give s(6).
-2
Let l(f) = -f + 19. Let u be l(22). Let z be ((-4)/(-8))/(u/(-54)). Let k(m) = -m**2 + 10*m - 8. Calculate k(z).
1
Let j = -676 - -686. Let h(n) = n - 4. Calculate h(j).
6
Let z(n) be the second derivative of -n**4/24 - 5*n**3/6 - n**2/2 - 2*n. Let s(x) be the first derivative of z(x). Let q = 1852 + -1848. Calculate s(q).
-9
Let w(v) = -v**3 + 5*v - 6. Let f(o) = 2*o**3 - o**2 - 9*o + 12. Let x(y) = -6*f(y) - 11*w(y). Suppose -8*c + 6*c = -10. What is x(c)?
14
Let u(l) = 2*l**3 + 13*l**2 + 6*l + 6. Let r be 68/(-11) + (-9)/11 + 1. Give u(r).
6
Suppose 5*p + 0*p + 4*y - 6 = 0, -4*y = -3*p + 10. Let n(b) = p - 252*b + 129*b + 122*b. What is n(7)?
-5
Let j(y) = -3*y**2 - 11*y + 44. Let w(c) = -2*c**2 - 7*c + 32. Let f(b) = -5*j(b) + 7*w(b). Give f(-7).
11
Let m = 104 - 84. Suppose 3*x = 13*x - m. Let t(f) = 3*f - 3. What is t(x)?
3
Let l(z) = 2*z**3 + 6*z**2 - 3*z - 16. Let n(c) = 6*c**3 + 18*c**2 - 9*c - 44. Let v(y) = 11*l(y) - 4*n(y). What is v(-3)?
-9
Let o(l) = -5*l + 2. Let i be o(1). Let p(r) be the first derivative of r**3/3 + r**2 - 2*r - 11. Calculate p(i).
1
Let w(n) = -4 - 3*n**2 + n**2 + 404*n - 426*n - 7. Calculate w(-9).
25
Let q(d) = 2*d**2 + 4. Let x be 8/20 - (24/10 + 0). Calculate q(x).
12
Suppose 4*r + 40 = 12*r. Suppose q - 1 = 2*c - 4*c, 0 = -5*q + 3*c + 5. Let u(b) = -b**3 + 0*b**2 - 6*b + 7*b**2 + q - b**2. Determine u(r).
-4
Suppose 0 = 13*r - 16*r - 12. Let c be ((-39)/(-13))/((-6)/r). Let n(b) = b**3 - 2*b**2 + b - 2. Determine n(c).
0
Let c(m) = -m**2 + 12*m - 3. Let t(o) = o**3 - o**2 - 10*o + 9. Let d be t(0). What is c(d)?
24
Let q(j) = -3*j**2 + 2*j**2 + 2 - 5*j - 1. Let d(c) = -106*c + 55*c + c**2 + 7 + 59*c. Let b be d(-6). Give q(b).
1
Let m = -1 - -5. Suppose 5*y - y + m = 0. Let t(l) = 13*l + 6. Let w(x) = 24*x + 11. Let z(d) = -11*t(d) + 6*w(d). Calculate z(y).
-1
Let i be (-4*18/(-32))/((-6)/16). Let s(a) = a - 13. What is s(i)?
-19
Suppose 3*y - 3*n = -27, -4*y - 4*n - 16 = 4. Let c(v) be the second derivative of v**4/12 + 3*v**3/2 + 4*v**2 + 4*v. Determine c(y).
-6
Let a(v) = -4*v - 93*v**2 + 191*v**2 - 100*v**2 - 2. Let z be (-1)/3 - (1 + 2/3). What is a(z)?
-2
Let l(i) = i**2 + 2*i + 2. Let p = -194 + 192. Give l(p).
2
Let i(r) = 22*r**2 + 9*r - 31*r**2 - 12 + 10*r**2. What is i(-10)?
-2
Let l = 56 - 49. Let f(o) = -3*o + 12. Give f(l).
-9
Let g(w) = -3*w - 1. Suppose 2*b - 4*l = -6, 12 = 3*b - 5*b - 2*l. Let f be (3/3)/(b/(-65)). Suppose o + 2 - 1 = 4*s, s + 4*o = f. What is g(s)?
-4
Let q(r) be the second derivative of -r**5/20 - 8*r. Let p(x) = -5*x**2 + 71*x - 12. Let y be p(14). Give q(y).
-8
Let b = -33 + 30. Let c(q) = 3*q + 0 + 2 - 1. Determine c(b).
-8
Let m(v) = -10*v**3 - 3*v**2 - 8*v + 11. Let h(l) = 3*l**3 + l**2 + 3*l - 4. Let n(q) = -8*h(q) - 3*m(q). Suppose -9 = 12*g - 21. Give n(g).
6
Let g(f) = -9*f + f**2 + 7 - 9*f**2 + 7*f**2. Let n(w) = 2*w**2 + 19*w - 15. Suppose d = 2*d - 4. Let r(q) = d*n(q) + 9*g(q). Give r(-5).
3
Let x(n) be the first derivative of n**3/3 + 3*n**2/2 - 4*n + 2. Let h = -20 + 21. Suppose h - 5 = v. What is x(v)?
0
Let s(v) = -v + 3. Let x(r) = 80*r - 192. Let l(b) = 64*s(b) + x(b). Calculate l(-1).
-16
Let z be -2*(1 + (-20)/8). Suppose -z*l + 6 + 12 = 0. Let j = 9 - l. Let h(s) = s**2 - 2*s + 4. Determine h(j).
7
Let z be -13 - -2 - (42 + -46). Let a(n) = -2*n**2 - 9*n - 1. Determine a(z).
-36
Let l(o) = o**2 + 22*o - 138. Let t be l(-27). Let k(n) be the first derivative of 2 + 3/2*n**2 + 1/3*n**3 - 4*n. Calculate k(t).
-4
Let b(r) be the second derivative of r**4/12 + r**3/2 - 5*r**2 - 209*r. Give b(-5).
0
Suppose 9 = 4*s - 7. Suppose -3*z + 1 = -2*z. Let u(a) = 0 - s - 8*a + 6*a + z. What is u(-6)?
9
Let l(g) = g**2 - 5*g + 2. Let m be (-8)/(-2) - 2 - -2. Let y be 22/(-99) + (-148)/(-18). Let n = y - m. What is l(n)?
-2
Let d(r) be the first derivative of r**4/4 - 10*r**3/3 + 4*r**2 + 5*r + 154. Give d(9).
-4
Let y(d) = d - 4. Let b be y(-4). Let v = 8 + b. Suppose c - 5*c + 20 = v. Let p(t) = -2*t + 6. Calculate p(c).
-4
Let s(c) = -4*c**3 + 3*c**2. Let a(z) = 2*z**3 + z**2. Let o(q) = 2*a(q) - s(q). Let d = 3 - 4. Calcul